32533?
150
What is the remainder when 437249 is divided by 987?
8
Calculate the remainder when 524989 is divided by 6122.
4619
Calculate the remainder when 54883360 is divided by 30440.
40
What is the remainder when 5580071 is divided by 51?
8
What is the remainder when 219163068 is divided by 109581533?
2
What is the remainder when 1015301 is divided by 1983?
5
What is the remainder when 2892849 is divided by 8903?
8277
Calculate the remainder when 4235674 is divided by 66.
58
What is the remainder when 78242607 is divided by 199?
185
Calculate the remainder when 30428749 is divided by 719.
669
What is the remainder when 8335871 is divided by 8?
7
What is the remainder when 224494 is divided by 16669?
7797
What is the remainder when 68965 is divided by 68117?
848
Calculate the remainder when 21387701 is divided by 38.
9
Calculate the remainder when 33507722 is divided by 4511.
14
Calculate the remainder when 13830707 is divided by 777.
107
Calculate the remainder when 1518987 is divided by 4220.
4007
Calculate the remainder when 1463588 is divided by 17.
7
What is the remainder when 918327 is divided by 1329?
1317
Calculate the remainder when 1687340 is divided by 76.
64
Calculate the remainder when 120926292 is divided by 21.
18
Calculate the remainder when 217840 is divided by 36303.
22
Calculate the remainder when 35439007 is divided by 75.
7
What is the remainder when 2473679 is divided by 22?
21
Calculate the remainder when 22202640 is divided by 34.
28
What is the remainder when 383403 is divided by 383396?
7
What is the remainder when 20995454 is divided by 194?
192
Calculate the remainder when 3245898 is divided by 98352.
282
Calculate the remainder when 1116396 is divided by 73.
7
Calculate the remainder when 31769641 is divided by 15884811.
19
What is the remainder when 5491977 is divided by 6157?
6090
What is the remainder when 14255330 is divided by 22?
12
Calculate the remainder when 1498154 is divided by 45389.
317
What is the remainder when 646035 is divided by 2886?
2457
What is the remainder when 683017653 is divided by 2990?
2983
What is the remainder when 486320 is divided by 10095?
1760
What is the remainder when 1332872 is divided by 166607?
16
What is the remainder when 17845328 is divided by 660938?
2
What is the remainder when 2340380 is divided by 889?
532
What is the remainder when 80916628 is divided by 18919?
65
Calculate the remainder when 11730559 is divided by 18.
13
What is the remainder when 1547399 is divided by 429?
425
Calculate the remainder when 621182 is divided by 310087.
1008
Calculate the remainder when 17589305 is divided by 7.
6
What is the remainder when 197725 is divided by 196925?
800
Calculate the remainder when 4679234 is divided by 935815.
159
Calculate the remainder when 14292343 is divided by 15569.
1
Calculate the remainder when 16234223 is divided by 1014638.
15
Calculate the remainder when 15371 is divided by 6704.
1963
What is the remainder when 749705 is divided by 490?
5
Calculate the remainder when 1040 is divided by 561.
479
Calculate the remainder when 7452632 is divided by 3726292.
48
What is the remainder when 411753 is divided by 182?
69
Calculate the remainder when 150745386 is divided by 136.
130
What is the remainder when 2707980 is divided by 378?
366
What is the remainder when 203532 is divided by 1337?
308
What is the remainder when 27737 is divided by 8696?
1649
Calculate the remainder when 1430009 is divided by 34878.
11
Calculate the remainder when 1472547 is divided by 1206.
21
What is the remainder when 291319 is divided by 1357?
921
What is the remainder when 211999 is divided by 50?
49
Calculate the remainder when 7214467 is divided by 5356.
5291
What is the remainder when 86745627 is divided by 28915207?
6
What is the remainder when 359077 is divided by 17?
3
Calculate the remainder when 93638492 is divided by 39.
38
What is the remainder when 6682711 is divided by 8470?
8351
Calculate the remainder when 200130 is divided by 4638.
696
Calculate the remainder when 13632499 is divided by 1369.
1366
Calculate the remainder when 655937 is divided by 4790.
4497
What is the remainder when 691989 is divided by 5586?
4911
Calculate the remainder when 142835995 is divided by 10987384.
3
Calculate the remainder when 123400 is divided by 78.
4
What is the remainder when 30072765 is divided by 7?
2
What is the remainder when 603549 is divided by 753?
396
What is the remainder when 1386314 is divided by 1817?
1760
What is the remainder when 55182683 is divided by 395?
393
Calculate the remainder when 8019747 is divided by 68.
31
What is the remainder when 518295 is divided by 11067?
9213
What is the remainder when 42628372 is divided by 14209427?
91
What is the remainder when 27127 is divided by 544?
471
Calculate the remainder when 179861 is divided by 505.
81
What is the remainder when 5645612 is divided by 521?
56
What is the remainder when 2041511 is divided by 1020747?
17
What is the remainder when 83820 is divided by 211?
53
What is the remainder when 88720 is divided by 21658?
2088
Calculate the remainder when 1080026 is divided by 119.
101
Calculate the remainder when 74234543 is divided by 2.
1
Calculate the remainder when 268254 is divided by 404.
402
What is the remainder when 49049 is divided by 1195?
54
Calculate the remainder when 5906818 is divided by 255.
253
Calculate the remainder when 129772 is divided by 30711.
6928
What is the remainder when 68676 is divided by 68593?
83
Calculate the remainder when 10657 is divided by 250.
157
What is the remainder when 85330 is divided by 668?
494
What is the remainder when 229466 is divided by 15296?
26
Calculate the remainder when 1650665 is divided by 330133.
0
Calculate the remainder when 18621408 is divided by 193.
189
Calculate the remainder when 36819 is divided by 36810.
9
What is the remainder when 90976564 is divided by 769?
19
Calculate the remainder when 9885060 is divided by 8279.
8213
Calculate the remainder when 584678 is divided by 194695.
593
What is the remainder when 423526 is divided by 1353?
37
Calculate the remainder when 14234766 is divided by 11.
7
What is the remainder when 80334643 is divided by 213?
202
Calculate the remainder when 350972 is divided by 37.
27
What is the remainder when 755428 is divided by 26?
24
Calculate the remainder when 54169 is divided by 1191.
574
Calculate the remainder when 77134692 is divided by 19283673.
0
Calculate the remainder when 5038316 is divided by 131.
56
Calculate the remainder when 15836803 is divided by 896.
3
Calculate the remainder when 5738358 is divided by 66725.
8
Calculate the remainder when 32727502 is divided by 24.
22
Calculate the remainder when 1839551 is divided by 1839540.
11
Calculate the remainder when 735779217 is divided by 15.
12
What is the remainder when 7121556 is divided by 425?
256
Calculate the remainder when 692307 is divided by 76921.
18
Calculate the remainder when 385801 is divided by 291.
226
What is the remainder when 2974968 is divided by 2974955?
13
What is the remainder when 290508 is divided by 41?
23
What is the remainder when 261088300 is divided by 65272069?
24
Calculate the remainder when 2209703487 is divided by 10.
7
What is the remainder when 6942878 is divided by 3471437?
4
Calculate the remainder when 3243936 is divided by 294898.
58
What is the remainder when 234467 is divided by 33433?
436
Calculate the remainder when 275584 is divided by 3.
1
Calculate the remainder when 4042045 is divided by 4711.
7
Calculate the remainder when 5752728 is divided by 5033.
9
What is the remainder when 5330 is divided by 3675?
1655
Calculate the remainder when 2216934 is divided by 68.
66
What is the remainder when 14364169 is divided by 1509?
1507
Calculate the remainder when 337644 is divided by 9.
0
What is the remainder when 818846 is divided by 7311?
14
Calculate the remainder when 33553331 is divided by 429.
383
What is the remainder when 3190493 is divided by 127619?
18
What is the remainder when 1962551 is divided by 22297?
415
Calculate the remainder when 1445556 is divided by 1325.
1306
Calculate the remainder when 5173 is divided by 2527.
119
What is the remainder when 3923206 is divided by 216?
214
Calculate the 